digit of k?
3
Suppose -3*p - 3*x + x = -2399, -4*x = 5*p - 3995. Suppose 4*y = -3*c + p, 0 = 2*c - c + 3*y - 266. What is the tens digit of c?
6
Let t(r) = 4*r + 58. Let h be t(-7). Suppose 12*m + 1368 = h*m. What is the units digit of m?
6
Suppose 5*f - 2946 = -b + 6228, 0*f - 3*f = 0. What is the units digit of b?
4
Let z = -242 + 257. Suppose 4*a - 14*w + z*w - 277 = 0, 0 = 4*a + 5*w - 281. What is the tens digit of a?
6
Let v(s) = 5*s**2 + 27*s - 13. Let r(y) = -y**2 + 1. Let x(i) = -3*r(i) - v(i). Let d(g) be the first derivative of x(g). What is the units digit of d(-7)?
1
Let f(b) = b**2 + 14*b - 3. Let o be f(4). Suppose -o*y = -74*y + 655. Suppose -3*u = -163 - y. What is the units digit of u?
8
Suppose -5*q - 15 = 0, 0 = -5*v + 2*q + 1307 + 299. Suppose -v = -5*t + 1640. Suppose -4*h + 2*n = -t, -76 = -h + 5*n + 13. What is the tens digit of h?
9
Suppose -c - 2511 = -5*r, -r + 6*c - c = -507. What is the hundreds digit of 4*r/8 + -4?
2
Let g(w) = w**2 - 4*w - 7. Let q be g(8). Suppose -21*u = -q*u + 28. What is the tens digit of -2 + (u - -150) + 3/1?
5
Let a = -20 - -8. Let u be 15/(-90) - 2510/a. Suppose 0 = 6*s - 109 - u. What is the tens digit of s?
5
What is the tens digit of (-2)/(-16) - (168/(-756) + (-353711)/72)?
1
Let v be 6 + -8 + 0 - 15/(-3). Suppose v*m = s - 475, 0 = 8*s - 11*s - 2*m + 1392. What is the tens digit of s?
6
Let t = -126 + 181. Suppose 18*x + 283 = -41. Let f = x + t. What is the tens digit of f?
3
Suppose -4*d - 478 = 2*f, 204 = 3*d - 5*f + 556. What is the hundreds digit of (-17922)/(-34) - (-14)/d?
5
Let v(k) = -k**3 + 10*k**2 + 10*k + 11. What is the hundreds digit of v(6)?
2
Let n(s) = -s**3 + 10*s**2 + 10*s + 11. Let m be n(11). Suppose m = -4*r - 9 + 33. Suppose -r*v + 96 = -4*v. What is the tens digit of v?
4
Suppose 199 = -5*h - 2*m, 0*h - 5*m + 220 = -5*h. What is the units digit of h*(-3 + -1 - 1)?
5
Let q = -199 - -242. Suppose -q*t + 3010 = -36*t. What is the tens digit of t?
3
Let r = -18996 - -32021. What is the ten thousands digit of r?
1
Let m be (27/(-4))/((-24)/64). Let f(h) = -2*h + 10 + h - 7*h - m*h. What is the hundreds digit of f(-9)?
2
Suppose 3*y = p + 20, -27*p - 36 = -5*y - 24*p. Suppose 10*j = -y*j + 12096. What is the tens digit of j?
5
Let p = 40885 + -21239. What is the units digit of p?
6
Let i(s) = -32*s**2 - 9*s - 2. Let g(h) = h**2 + 2*h - 1. Let j(v) = -3*g(v) - i(v). Let u be 4 + -3 + (-2 - 2). What is the units digit of j(u)?
7
Suppose 5*n - 18 = 17. Suppose -3*m + 13 = -n*t + 6*t, -4*m - 2*t + 34 = 0. What is the units digit of m?
6
Let h be 7*(1 + 0) + (-102)/(-34). Suppose -y + 0*y + 5*c = 25, -4*y - 2*c = -h. Suppose 3*v + 2*v - 770 = y. What is the tens digit of v?
5
Suppose 35*r - 35*r - 627256 = -14*r. What is the hundreds digit of r?
8
Suppose -47*n = -6462 - 132752. What is the thousands digit of n?
2
What is the hundreds digit of ((-8)/(-2) - 559/(-13))*29?
3
Let m be 10/6 - ((-12)/(-18) - 0). Suppose m + 1013 = 6*t. What is the hundreds digit of t?
1
Let i = 56 - 57. What is the tens digit of (3 + -212 - 5)*i?
1
What is the thousands digit of ((-148)/3)/((-319)/27753)?
4
Let q(p) = p**3 + 14*p**2 + 9*p - 75. Let w be q(-12). What is the tens digit of (42/w - 338/20)*-2?
3
Suppose -2*x + 7653 = q, -x - 38232 = 18*q - 23*q. What is the thousands digit of q?
7
Let p be 50 - (-2)/((-2)/(-3)) - 1. Let h = p - 42. What is the units digit of 5*(-2)/(-20)*h?
5
What is the tens digit of ((-5286)/(-5))/3*(-56 - (-1872)/32)?
8
Let c = 20014 - 5301. What is the hundreds digit of c?
7
Let j(t) = t**3 + 14*t**2 - 8*t - 18. Let s(u) = -u**3 + 2*u**2 - u. Let k(q) = -j(q) + 6*s(q). What is the hundreds digit of k(-4)?
4
Let r be (2/8 - (-42)/(-72))*-24. Suppose 0 = -r*o + 1748 + 2388. What is the hundreds digit of o?
5
Let n(v) = -v**3 + 5*v**2 + 4*v - 11. Let f = 23 + -18. Let k be n(f). What is the units digit of 714/7 + k/3?
5
Let i be (-1)/(6/15 - (-78)/(-190)). Let o = -92 + i. Suppose q = v + 131 + 53, -o*q = v - 560. What is the units digit of q?
6
Let d = 8014 + -4567. Suppose 0*q = 2*o + 5*q - 2263, 3*q + d = 3*o. What is the tens digit of o?
4
Let y = 33510 + -6031. What is the units digit of y?
9
Let t(a) = -74*a + 4. Let r be t(-2). Let m = r + -87. Let q = -12 + m. What is the units digit of q?
3
Let f be 50/(-45) + (-2)/(-18). Let o = 15 - f. Let w(u) = u**3 - 17*u**2 + 22*u + 17. What is the hundreds digit of w(o)?
1
Let w be (-42)/(4 - -3) + 8. Suppose 2*s = -2*y + 90, w*y + 166 + 20 = 4*s. What is the units digit of s?
6
Let d = -57 + 55. What is the tens digit of 684/108*d/(2/(-117))?
4
Suppose 0 = 23*h - 9723 - 4698. Suppose 53*i = 55*i + c - h, i - 309 = -5*c. What is the units digit of i?
4
Let v = 859 + -82. Suppose v = 4*i - 3*j - 1333, 5*i = -j + 2628. What is the hundreds digit of i?
5
Suppose 15 = -5*o, 0 = 29*c - 27*c - 2*o - 31628. What is the units digit of c?
1
Suppose -2*w + 8*n + 4158 = 6*n, -3*w + 4*n + 6239 = 0. Let c = w + -404. What is the thousands digit of c?
1
Suppose 0 = 2*o - 47 + 37. Suppose 39 = o*z + 34. What is the units digit of 3 + -9 + 6 - (z - 22)?
1
Let y(r) = 258*r**2 + 29*r + 9. What is the hundreds digit of y(8)?
7
Let j be (30/(-35))/(6/(-21)). Suppose 3531 = 3*i - j*t, 5*t + 2369 = -i + 3*i. What is the tens digit of i?
7
Suppose 5*p - 2318 = u + 1432, 2*u = 3*p - 7521. What is the hundreds digit of -6*(2/(-4))/((-15)/u)?
7
Suppose -2826 = -134*f + 926. What is the units digit of f?
8
Suppose -28 = -r - 5*w, 4*w - 2*w + 2 = 4*r. Let d(k) = -k - 1. Let q(o) = -27*o + 2. Let i(n) = 5*d(n) - q(n). What is the units digit of i(r)?
9
Let d(s) = -50*s - 3. Let p be d(-17). Let o be ((-2)/(-3))/((-14)/(-11865)). Let k = p - o. What is the tens digit of k?
8
Let u = -186 - -96. What is the tens digit of 42/((-2)/10*u/36)?
8
Let b(f) = -191*f + 37. Let x be b(-3). Suppose r + 145 - x = 2*d, 932 = 2*r - 2*d. What is the units digit of r?
7
Let r(f) = -f**2 + 9*f - 3. Let d be r(6). Suppose -12*b = -7*b - d. Suppose 5*t - 230 = 5*h, b*h - 198 = -7*t + 2*t. What is the tens digit of t?
4
Let d(y) = -345*y - 2786. What is the thousands digit of d(-62)?
8
Let a = 55 + -52. What is the tens digit of (4 + -3)*(931 - a)?
2
Let t = 183031 + -120367. What is the ten thousands digit of t?
6
Suppose 0 = -4*l - 4, -37 + 202 = 3*s + 3*l. Let g = 224 - s. What is the tens digit of g?
6
Let r(s) = s**2 + 24*s - 84. Let a be r(6). What is the units digit of a/336 + (-1097)/(-7)?
7
Suppose 8*b - 9*b + 7262 = -p, -3*b + 2*p + 21788 = 0. What is the tens digit of (b/16)/(2*1)?
2
What is the units digit of (4 - (-752)/(-40) - 2/10)*-325?
5
Let j = -60 + 384. Suppose 2*y = 7*y - v - j, 3*y + 3*v - 198 = 0. Let k = -28 + y. What is the tens digit of k?
3
Let v(t) = t**2 - 3*t + 2. Let o be v(2). Suppose -30*n + 33*n - 6 = o. Suppose 0 = -5*u + 2*u, n*u = 2*d - 48. What is the tens digit of d?
2
Let w(u) = 3*u**2 - 4*u - 3. Let d be w(-1). Suppose 5*a + 2*t - 928 = 0, 2*a + 374 = d*a - 2*t. What is the units digit of a?
6
Let z be -753 + (-8)/(-32)*-4. Let r = 270 - z. What is the units digit of r?
4
Let m = -145 - -166. Let i(a) = -a**3 + 22*a**2 - 21*a + 46. What is the tens digit of i(m)?
4
Let h(l) = l**2 + 12*l + 11. Let p be h(-11). Suppose x = -5*k - 2, x - 8 = -p*k + 5*k. What is the units digit of ((-104)/2)/k + 2 + 0?
4
What is the thousands digit of (59940/16 + 6)*8/3?
0
Suppose 10 = -3*w + 8*w. Suppose -2*j - 3*j = -4*z - 1884, 768 = 2*j + w*z. What is the hundreds digit of j?
3
Suppose -2*o - 6 = 0, -7*o + 36 = -4*l - 11*o. Let z(i) = -2*i**3 - 2*i**2 - 15*i - 1. What is the tens digit of z(l)?
4
Let r(i) = i**3 - 7*i**2 + 12*i - 7. Let l be r(6). Let q = l + -14. Let a = 27 + q. What is the tens digit of a?
4
Suppose -4*z + 7 + 9 = 0, -2*h = 4*z - 16. Suppose h = -3*t - 2*o + 2333, -4*t - o + 4330 = 1211. What is the hundreds digit of t?
7
Suppose 17817 = -n - 5*r + 59110, 165277 = 4*n + 5*r. What is the thousands digit of n?
1
Let t = -230 - -233. What is the tens digit of ((-660)/36)/(68/24 - t)?
1
What is the hundreds digit of -1 + 6 + ((-448)/64 - 13153/(-1))?
1
Let y(g) = 7517*g - 813. What is the units digit of y(2)?
1
Let x be 1 + 0 - (-5376)/(-21). Suppose u = l + 387, -4*u + 3*l + 865 + 682 = 0. Let n = u + x. What is the u